Let l(b) = 9*t(b) + 4*u(b). What are the prime factors of l(-3)?
2, 7
Let o(b) = -b**2 - b + 5. Let x be o(0). Suppose -3*z - 4*w = 0, -3*z + z = x*w + 7. What are the prime factors of z?
2
Suppose -y - 4 = 8. What are the prime factors of y/16 + 166/8?
2, 5
Let n(s) = -2*s + 1 + 7*s - 2. Let w be n(1). Suppose 5*y = -w*m + 35, 4*m - 8 - 15 = -y. List the prime factors of m.
5
Let y(h) = -2*h - 9. Let m be y(-7). Suppose -70 = -m*f + 25. What are the prime factors of f?
19
Suppose 4*r + 195 = -13. Let n = 73 + r. List the prime factors of n.
3, 7
Let i(q) = -28*q. Suppose 5*u - t = -5, 5 = -2*u - 3*u - 2*t. What are the prime factors of i(u)?
2, 7
Let b = -8 + 13. Let s = 2 + -4. Let r = b - s. What are the prime factors of r?
7
Suppose 0*j = 2*j - 8. Suppose 6 = j*g - 2. What are the prime factors of g?
2
Let n = 298 + -176. Suppose -5*m + 28 + n = 0. What are the prime factors of m?
2, 3, 5
Suppose -4*g + 4*o + 0 = -36, 3*g - o - 17 = 0. Suppose -g*x + 6*x - 20 = 0. Let i = 1 + x. What are the prime factors of i?
11
List the prime factors of 20/(-5)*(-3)/2.
2, 3
Suppose 9*f = 6*f + 54. List the prime factors of f.
2, 3
Suppose 9*z + 61 = 1735. What are the prime factors of z?
2, 3, 31
Suppose b = 9 + 19. Let v be (-12)/(-10)*(2 + b). Suppose 6*d - d = -5*y + 110, -3*d + v = -3*y. List the prime factors of d.
17
Suppose -r + 334 = r. List the prime factors of r.
167
Let w(h) = -3*h - 3. Let k = 4 + -9. Let n = k - -2. What are the prime factors of w(n)?
2, 3
List the prime factors of (0 + -8 - -2)*(-3 + -2).
2, 3, 5
Suppose 5*b - 83 = h, 0 = 4*b - b + 3*h - 39. Let w = -9 + b. Suppose 76 = -3*a + w*a. What are the prime factors of a?
19
Let u(k) = 7*k**2 + 3*k. Let p be u(-3). What are the prime factors of (p/(-15))/(2/(-5))?
3
Let j(b) = b. Let f(s) = 4*s**2 + 22. Let k(l) = 5*l**2 - l + 23. Let r(y) = 6*f(y) - 5*k(y). Let i(a) = -5*j(a) + r(a). What are the prime factors of i(0)?
17
Let r = 591 + -284. What are the prime factors of r?
307
Let s(g) = -13*g**2 + 2*g + 2. Let m be s(-2). Let i = -32 - m. What are the prime factors of i?
2, 11
Suppose 0*t + 3*t + 3 = 0. Let o = 13 + -8. Let s = t + o. What are the prime factors of s?
2
Let d(t) = 2*t**3 + 3*t**2 - t - 4. List the prime factors of d(2).
2, 11
Suppose -5*y = -y + 3*a - 7, 5*y - 29 = 3*a. Suppose 0*x = -y*x + 4*b + 12, 2*x + 2*b = 18. Suppose -6*s + x = -5*s. List the prime factors of s.
2, 3
Suppose 8*y - 147 = 5*y. List the prime factors of y.
7
Let m(n) = -n**3 - n**2 - 1. Let k(v) = -4*v**3 + 4*v**2 + v + 6. Let j(z) = k(z) + 5*m(z). What are the prime factors of j(-1)?
2
Let c be 19 + 3 + 3 + -1. Suppose -l + c = 3*j + 2*l, -5*j + 10 = -l. List the prime factors of j.
3
Suppose 0 = -5*z + 5, -2*y + 126 = -4*z - 22. What are the prime factors of y?
2, 19
List the prime factors of 20/4 + 292 - 5.
2, 73
Let f = -20 + 64. List the prime factors of f.
2, 11
Let h(y) = y**3 - y + 2. Let v be h(2). Let m = v + -4. Suppose 2*r - 9 - 11 = 2*t, -2*r = m*t + 4. List the prime factors of r.
2, 3
Suppose 4*y = -3*r + 2*r - 16, -2*y = r + 8. Suppose r = -7*p + 347 + 45. List the prime factors of p.
2, 7
Suppose -h - 5*i + 20 = 0, -3*i = -5*i. Suppose 6*u - u = -h. List the prime factors of -2*((-50)/u)/(-5).
5
List the prime factors of (3 - 6)*(-10)/6.
5
List the prime factors of (-3 + (0 - -1))*38/(-4).
19
Suppose 23 = 6*w - 259. List the prime factors of w.
47
Let l(q) = q**3 - 7*q**2 + 5*q - 1. Let i be l(6). Let a be (-2)/i + 452/(-14). Let p = -19 - a. What are the prime factors of p?
13
Suppose -5*u = -9*u + 60. What are the prime factors of u?
3, 5
Let i be (-10)/(-4) - 1/(-2). Let n be (3 + -2)*(i + -1). Suppose 0 = -0*p - n*p + 28. What are the prime factors of p?
2, 7
Suppose 56 = 2*q - 132. List the prime factors of q.
2, 47
Let x(q) = 0*q**2 - 4 + q**2 + 0*q**2 + 4*q. Let c be x(-5). Suppose -n + 1 = -c. List the prime factors of n.
2
Let s(m) be the third derivative of -m**6/120 - m**5/10 + m**4/4 + m**3/2 + 3*m**2. List the prime factors of s(-7).
2, 5
What are the prime factors of ((-18)/30 + 1/5)*-215?
2, 43
Suppose -38 = -3*b - b - 2*h, 64 = 5*b - 3*h. Let z = b - 3. List the prime factors of z.
2
Suppose n = -n - 4*i + 26, -5*n + 4*i + 107 = 0. What are the prime factors of n?
19
Let x(m) = -m**3 + 17*m**2 + 4*m - 17. What are the prime factors of x(16)?
3, 101
Suppose u - 368 = 3*d, -2*d + 661 + 399 = 3*u. List the prime factors of u.
2, 89
Let m = -85 - -124. What are the prime factors of m?
3, 13
Let l = -61 + 123. Let y be 6/(-9) + l/3. Let x = y - 9. What are the prime factors of x?
11
Let v(f) = -2*f**3 + 10*f**2 - 10*f - 2. Let z(c) = c**3 - c**2 - 1. Let s(h) = -v(h) - z(h). Let b be s(7). Let y = 35 + b. What are the prime factors of y?
2, 5
Suppose -c + 32 = -23. List the prime factors of c.
5, 11
Suppose -3*h = 2*z - 287, -z - h + 14 = -129. List the prime factors of z.
2, 71
Suppose j = 7 + 81. List the prime factors of j.
2, 11
Let u be (-1 - -16)/1 - 1. What are the prime factors of (36/u)/(27/126)?
2, 3
Let t = -5 - -10. Suppose -7*z + 2*z = 15. Let d = z + t. What are the prime factors of d?
2
Let v(t) = t**3 + 12*t**2 - 6*t - 27. List the prime factors of v(-12).
3, 5
Let s be (2/4*2)/(-1). Let u be s + -1 + (8 - 2). Suppose -3*w - 2 - 3 = -u*h, -2*h + 20 = 2*w. List the prime factors of w.
5
Suppose 2*w - 5*p = 69, -2*w - 107 = -5*w + 4*p. List the prime factors of w.
37
List the prime factors of 32/12 - 2/(-6).
3
Let m(o) = o**3 + 12*o**2 + 4*o + 1. List the prime factors of m(-11).
2, 3, 13
Suppose -m + 61 = 5*y, 0*m + 2*y - 157 = -3*m. What are the prime factors of m?
3, 17
Let n(o) = o**3 - 10*o**2 + o + 1. Let m(z) = -z**2 + 2*z. Let t be m(2). Suppose r + 5*j - 5 = t, -4*r + j + 23 + 18 = 0. List the prime factors of n(r).
11
Let h be (-1)/((-2)/162)*1. Let w = h + -56. List the prime factors of w.
5
Suppose -y - 175 = -6*y. What are the prime factors of y?
5, 7
Suppose -3*s - q = -2, -4*q = -3*s - 32 + 9. Let r = s + 3. What are the prime factors of r?
2
Suppose 4*v - 172 = -5*s, 2*s + 2*v = -19 + 87. List the prime factors of s.
2, 3
Suppose -3*d + 0*b = 3*b - 42, b - 68 = -4*d. Let u = d + -13. Suppose u*t - 12 = t. What are the prime factors of t?
3
Let r be 1*4 + (-8)/(-8). Let m(p) = 8*p - 12. What are the prime factors of m(r)?
2, 7
Let i = -4 + 1. List the prime factors of (6/5)/(i/(-10)).
2
Suppose -3*v + 4 + 8 = 2*t, -4*t + 14 = v. Suppose 7*l = 4*l + 36. Suppose 4*b - 3*q = -7*q + l, -t*q = 0. What are the prime factors of b?
3
Let p be (-138)/15 - 2/(-10). Let h = -4 - p. Suppose 5*x - h*j = 5, 4*x = -x - 2*j + 33. List the prime factors of x.
5
Suppose 46*h = 49*h - 201. What are the prime factors of h?
67
Let t(i) be the first derivative of i**4/4 + 10*i**3/3 + i**2/2 + 13*i + 4. Let s be t(-10). Suppose -38 = -s*d + d. List the prime factors of d.
19
Let w = -119 - -153. List the prime factors of w.
2, 17
Suppose -4*q + 16 = -2*q. Suppose 3*f - 6 = 0, -2*o + q*f + 6 = 3*f. What are the prime factors of ((-3)/((-6)/o))/2?
2
Let w = -26 - -83. List the prime factors of w.
3, 19
Let h(k) be the second derivative of k**4/12 + 9*k**2/2 + k. What are the prime factors of h(0)?
3
Let f(h) = -h**3 - h**2 + 36. Let a be f(0). Let w = -19 + a. What are the prime factors of w?
17
Suppose 2*z - 307 = -0*z + 3*m, 0 = z - 2*m - 153. List the prime factors of z.
5, 31
Let s(q) = q**3 + 7*q**2 - 8*q + 8. What are the prime factors of s(-8)?
2
Let b = -15 - 16. Let a = b - -53. What are the prime factors of a?
2, 11
Let x(m) = -4*m + 1. Suppose 0 = 5*v + 11 - 6. What are the prime factors of x(v)?
5
Let y(w) = 37*w**3 - w + 3. List the prime factors of y(1).
3, 13
Suppose -3*m + 23 = -400. Suppose d - 46 = -g, -m = -3*d - 2*g - 1. What are the prime factors of d?
2, 3
Let h(y) = -6*y**2 - 2 - 8*y + 0 + 3 + 5*y**2. List the prime factors of h(-5).
2
What are the prime factors of 14/(-4)*592/(-14)?
2, 37
Let i(k) = -k**3 - k**2 + 23. Let p be i(0). Let r = -13 + p. List the prime factors of r.
2, 5
Let d(c) = c**2 - c - 2. Let i be d(-3). Let r = 41 - i. List the prime factors of r.
31
Let g(z) = -z**2 - 12*z - 4. Let d be g(-5). Suppose q - s + 4 = 1, -3*q + d = 5*s. Suppose 1 = -q*f + 9. What are the prime factors of f?
2
Suppose 8 = -3*w + 4*t,